{"id":1320,"date":"2026-01-16T11:03:22","date_gmt":"2026-01-16T09:03:22","guid":{"rendered":"https:\/\/dev.wrkshp.fi\/tanssiva-tutkimus\/?page_id=1320"},"modified":"2026-01-23T12:04:40","modified_gmt":"2026-01-23T10:04:40","slug":"tietosuojaseloste","status":"publish","type":"page","link":"https:\/\/nivel.teak.fi\/tanssiva-tutkimus\/tietosuojaseloste\/","title":{"rendered":"Tietosuojaseloste"},"content":{"rendered":"<h2 class=\"wp-block-heading\">Keit&auml; olemme<\/h2>\n\n\n\n<p>Verkkosivuston osoite on https:\/\/nivel.teak.fi\/tanssiva-tutkimus.<\/p>\n\n\n\n<h2 class=\"wp-block-heading\">Mit&auml; henkil&ouml;tietoa ker&auml;&auml;mme ja miksi<\/h2>\n\n\n\n<p>Emme ker&auml;&auml; henkil&ouml;tietoja. Vierailijat eiv&auml;t voi kommentoida tai ladata kuvia t&auml;lle sivustolle.&nbsp;<\/p>\n\n\n\n<h2 class=\"wp-block-heading\">Ev&auml;steet&nbsp;<\/h2>\n\n\n\n<p>Sivusto ei k&auml;yt&auml; ev&auml;steit&auml;. Sivuston k&auml;ytt&ouml; ei edellyt&auml; henkil&ouml;tietojen k&auml;sittely&auml;, eik&auml; k&auml;ytt&auml;j&auml;st&auml; ker&auml;t&auml; tunnistetietoja.<\/p>\n\n\n\n<h2 class=\"wp-block-heading\">Upotettu sis&auml;lt&ouml; muilta verkkosivustoilta&nbsp;<\/h2>\n\n\n\n<p>T&auml;ll&auml; sivustolla on ei ole upotettua sis&auml;lt&ouml;&auml; muilta verkkosivuilta.<\/p>\n\n\n\n<h2 class=\"wp-block-heading\">Analytiikka<\/h2>\n\n\n\n<p>Emme tee k&auml;vij&auml;seurantaa sivustollamme.<a href=\"https:\/\/disco.teak.fi\/\"><\/a><\/p>\n","protected":false},"excerpt":{"rendered":"<p>Keit\u00e4 olemme Verkkosivuston osoite on https:\/\/nivel.teak.fi\/tanssiva-tutkimus. Mit\u00e4 henkil\u00f6tietoa ker\u00e4\u00e4mme ja miksi Emme ker\u00e4\u00e4 henkil\u00f6tietoja. Vierailijat [&hellip;]<\/p>\n","protected":false},"author":2,"featured_media":0,"parent":0,"menu_order":0,"comment_status":"closed","ping_status":"closed","template":"","meta":{"_acf_changed":false,"footnotes":""},"class_list":["post-1320","page","type-page","status-publish","hentry"],"acf":[],"_links":{"self":[{"href":"https:\/\/nivel.teak.fi\/tanssiva-tutkimus\/wp-json\/wp\/v2\/pages\/1320","targetHints":{"allow":["GET"]}}],"collection":[{"href":"https:\/\/nivel.teak.fi\/tanssiva-tutkimus\/wp-json\/wp\/v2\/pages"}],"about":[{"href":"https:\/\/nivel.teak.fi\/tanssiva-tutkimus\/wp-json\/wp\/v2\/types\/page"}],"author":[{"embeddable":true,"href":"https:\/\/nivel.teak.fi\/tanssiva-tutkimus\/wp-json\/wp\/v2\/users\/2"}],"replies":[{"embeddable":true,"href":"https:\/\/nivel.teak.fi\/tanssiva-tutkimus\/wp-json\/wp\/v2\/comments?post=1320"}],"version-history":[{"count":1,"href":"https:\/\/nivel.teak.fi\/tanssiva-tutkimus\/wp-json\/wp\/v2\/pages\/1320\/revisions"}],"predecessor-version":[{"id":1321,"href":"https:\/\/nivel.teak.fi\/tanssiva-tutkimus\/wp-json\/wp\/v2\/pages\/1320\/revisions\/1321"}],"wp:attachment":[{"href":"https:\/\/nivel.teak.fi\/tanssiva-tutkimus\/wp-json\/wp\/v2\/media?parent=1320"}],"curies":[{"name":"wp","href":"https:\/\/api.w.org\/{rel}","templated":true}]}}